{"id":112,"date":"2015-09-26T12:13:45","date_gmt":"2015-09-26T10:13:45","guid":{"rendered":"http:\/\/hollbruegge.de\/?page_id=112"},"modified":"2015-09-27T09:36:22","modified_gmt":"2015-09-27T07:36:22","slug":"velux-fenstereinfassung","status":"publish","type":"page","link":"https:\/\/hollbruegge.de\/?page_id=112","title":{"rendered":"Fenstereinfassung"},"content":{"rendered":"<p><img loading=\"lazy\" decoding=\"async\" class=\"alignright wp-image-114 size-full\" src=\"https:\/\/hollbruegge.de\/wpr\/wp-content\/uploads\/2015\/09\/VeluxGedaemmt.jpg\" alt=\"VeluxGedaemmt\" width=\"267\" height=\"267\" srcset=\"https:\/\/hollbruegge.de\/wpr\/wp-content\/uploads\/2015\/09\/VeluxGedaemmt.jpg 267w, https:\/\/hollbruegge.de\/wpr\/wp-content\/uploads\/2015\/09\/VeluxGedaemmt-150x150.jpg 150w\" sizes=\"auto, (max-width: 267px) 100vw, 267px\" \/><img loading=\"lazy\" decoding=\"async\" class=\"alignleft wp-image-118 size-full\" src=\"https:\/\/hollbruegge.de\/wpr\/wp-content\/uploads\/2015\/09\/VeluxEinbau.jpg\" alt=\"VeluxEinbau\" width=\"300\" height=\"400\" srcset=\"https:\/\/hollbruegge.de\/wpr\/wp-content\/uploads\/2015\/09\/VeluxEinbau.jpg 300w, https:\/\/hollbruegge.de\/wpr\/wp-content\/uploads\/2015\/09\/VeluxEinbau-225x300.jpg 225w\" sizes=\"auto, (max-width: 300px) 100vw, 300px\" \/><\/p>\n<p>Beim Ausbau meines Dachgeschosses ist ein gro\u00dfes vierfach Velux-Fenster eingebaut worden.<\/p>\n<p>Nach dem das Dach isoliert wurde und der Innen-Ausbau fertig war fehlte noch die Einfassung des Fensters. Mein Planung war diese nicht aus Trockenbauplatten sondern aus Holz herzustellen.<br \/>\nDer Aufbau der Einfassung stellte sich dann als ein kniffeliges Projekt heraus. Da ich in einem 1937 gebauten Haus wohne sind nat\u00fcrlch auch die Dachbalken nicht eben und rechtwinklig. Das zweite Problem ergab sich daraus das die obere Fensterkannte einige cm h\u00f6her als das Deckenniveau lag. Im Normalfall baut man die obere Einfassung waagrecht, damit m\u00f6glichst viel Licht in den Raum kommt. Bei mir w\u00e4re ich dann \u00fcber der Decke ausgekommen.<br \/>\nMeine L\u00f6sung war dann das obere Brett abzuknicken. Erst senkrecht zum Fenster und sobald es ging paralell zur Decke.<\/p>\n<p>Die Positionen an denen waagrechte und senkrechte Bretter verbunden wurden sind mit der Oberfr\u00e4se freigefr\u00e4st, damit beim Zusammenbau keine Spalten entstehen.<\/p>\n<p>&nbsp;<\/p>\n<p><img loading=\"lazy\" decoding=\"async\" class=\"alignnone wp-image-115 size-full\" src=\"https:\/\/hollbruegge.de\/wpr\/wp-content\/uploads\/2015\/09\/VeluxEinfassungObenII.jpg\" alt=\"VeluxEinfassungObenII\" width=\"1200\" height=\"272\" srcset=\"https:\/\/hollbruegge.de\/wpr\/wp-content\/uploads\/2015\/09\/VeluxEinfassungObenII.jpg 1200w, https:\/\/hollbruegge.de\/wpr\/wp-content\/uploads\/2015\/09\/VeluxEinfassungObenII-300x68.jpg 300w, https:\/\/hollbruegge.de\/wpr\/wp-content\/uploads\/2015\/09\/VeluxEinfassungObenII-1024x232.jpg 1024w\" sizes=\"auto, (max-width: 1200px) 100vw, 1200px\" \/><\/p>\n<p>Eine weitere Herrausforderung war die Verkleidung des mittleren Balkens. Ich habe die Bretter auf Gehrung geschnitten, damit sich ein sch\u00f6nes Furnierbild ergibt. Dieses U war nat\u00fcrlich zum Fenster hin nicht parallel so das es genau angepasst werden musste.<\/p>\n<p><img loading=\"lazy\" decoding=\"async\" class=\"alignnone wp-image-116 size-full\" src=\"https:\/\/hollbruegge.de\/wpr\/wp-content\/uploads\/2015\/09\/VeluxEinfassungFertigDetail.jpg\" alt=\"VeluxEinfassungFertigDetail\" width=\"1200\" height=\"1200\" srcset=\"https:\/\/hollbruegge.de\/wpr\/wp-content\/uploads\/2015\/09\/VeluxEinfassungFertigDetail.jpg 1200w, https:\/\/hollbruegge.de\/wpr\/wp-content\/uploads\/2015\/09\/VeluxEinfassungFertigDetail-150x150.jpg 150w, https:\/\/hollbruegge.de\/wpr\/wp-content\/uploads\/2015\/09\/VeluxEinfassungFertigDetail-300x300.jpg 300w, https:\/\/hollbruegge.de\/wpr\/wp-content\/uploads\/2015\/09\/VeluxEinfassungFertigDetail-1024x1024.jpg 1024w\" sizes=\"auto, (max-width: 1200px) 100vw, 1200px\" \/><\/p>\n<p>Hier nocheimal die ganze Einfassung mit den Abschlussleisten zur tapezierten Schr\u00e4ge:<\/p>\n<p><img loading=\"lazy\" decoding=\"async\" class=\"alignnone wp-image-117 size-full\" src=\"https:\/\/hollbruegge.de\/wpr\/wp-content\/uploads\/2015\/09\/VeluxEinfassungFertig.jpg\" alt=\"VeluxEinfassungFertig\" width=\"1200\" height=\"797\" srcset=\"https:\/\/hollbruegge.de\/wpr\/wp-content\/uploads\/2015\/09\/VeluxEinfassungFertig.jpg 1200w, https:\/\/hollbruegge.de\/wpr\/wp-content\/uploads\/2015\/09\/VeluxEinfassungFertig-300x199.jpg 300w, https:\/\/hollbruegge.de\/wpr\/wp-content\/uploads\/2015\/09\/VeluxEinfassungFertig-1024x680.jpg 1024w\" sizes=\"auto, (max-width: 1200px) 100vw, 1200px\" \/><\/p>\n","protected":false},"excerpt":{"rendered":"<p>Beim Ausbau meines Dachgeschosses ist ein gro\u00dfes vierfach Velux-Fenster eingebaut worden. Nach dem das Dach isoliert wurde und der Innen-Ausbau fertig war fehlte noch die Einfassung des Fensters. Mein Planung war diese nicht aus Trockenbauplatten sondern aus Holz herzustellen. Der Aufbau der Einfassung stellte sich dann als ein kniffeliges Projekt heraus. Da ich in einem 1937 gebauten Haus wohne sind nat\u00fcrlch auch die Dachbalken nicht eben und rechtwinklig. Das zweite Problem ergab sich daraus das die obere Fensterkannte einige cm h\u00f6her als das Deckenniveau lag. Im Normalfall baut man die obere Einfassung waagrecht, damit m\u00f6glichst viel Licht in den Raum kommt. Bei mir w\u00e4re ich dann \u00fcber der Decke ausgekommen. Meine L\u00f6sung war dann das obere Brett abzuknicken. Erst senkrecht zum Fenster und sobald es ging paralell zur Decke. Die Positionen an denen waagrechte und senkrechte Bretter verbunden wurden sind mit der Oberfr\u00e4se freigefr\u00e4st, damit beim Zusammenbau keine Spalten entstehen. &nbsp; Eine weitere Herrausforderung war die Verkleidung des mittleren Balkens. Ich habe die Bretter auf Gehrung geschnitten, damit sich ein sch\u00f6nes Furnierbild ergibt. Dieses U war nat\u00fcrlich zum Fenster hin nicht parallel so das es genau angepasst werden musste. Hier nocheimal die ganze Einfassung mit den Abschlussleisten zur tapezierten Schr\u00e4ge:<\/p>\n","protected":false},"author":1,"featured_media":0,"parent":0,"menu_order":0,"comment_status":"closed","ping_status":"closed","template":"","meta":{"footnotes":""},"class_list":["post-112","page","type-page","status-publish","hentry"],"_links":{"self":[{"href":"https:\/\/hollbruegge.de\/index.php?rest_route=\/wp\/v2\/pages\/112","targetHints":{"allow":["GET"]}}],"collection":[{"href":"https:\/\/hollbruegge.de\/index.php?rest_route=\/wp\/v2\/pages"}],"about":[{"href":"https:\/\/hollbruegge.de\/index.php?rest_route=\/wp\/v2\/types\/page"}],"author":[{"embeddable":true,"href":"https:\/\/hollbruegge.de\/index.php?rest_route=\/wp\/v2\/users\/1"}],"replies":[{"embeddable":true,"href":"https:\/\/hollbruegge.de\/index.php?rest_route=%2Fwp%2Fv2%2Fcomments&post=112"}],"version-history":[{"count":11,"href":"https:\/\/hollbruegge.de\/index.php?rest_route=\/wp\/v2\/pages\/112\/revisions"}],"predecessor-version":[{"id":146,"href":"https:\/\/hollbruegge.de\/index.php?rest_route=\/wp\/v2\/pages\/112\/revisions\/146"}],"wp:attachment":[{"href":"https:\/\/hollbruegge.de\/index.php?rest_route=%2Fwp%2Fv2%2Fmedia&parent=112"}],"curies":[{"name":"wp","href":"https:\/\/api.w.org\/{rel}","templated":true}]}}

<p><img loading="lazy" decoding="async" class="alignright wp-image-114 size-full" src="https://hollbruegge.de/wpr/wp-content/uploads/2015/09/VeluxGedaemmt.jpg" alt="VeluxGedaemmt" width="267" height="267" srcset="https://hollbruegge.de/wpr/wp-content/uploads/2015/09/VeluxGedaemmt.jpg 267w, https://hollbruegge.de/wpr/wp-content/uploads/2015/09/VeluxGedaemmt-150x150.jpg 150w" sizes="auto, (max-width: 267px) 100vw, 267px" /><img loading="lazy" decoding="async" class="alignleft wp-image-118 size-full" src="https://hollbruegge.de/wpr/wp-content/uploads/2015/09/VeluxEinbau.jpg" alt="VeluxEinbau" width="300" height="400" srcset="https://hollbruegge.de/wpr/wp-content/uploads/2015/09/VeluxEinbau.jpg 300w, https://hollbruegge.de/wpr/wp-content/uploads/2015/09/VeluxEinbau-225x300.jpg 225w" sizes="auto, (max-width: 300px) 100vw, 300px" /></p>
<p>Beim Ausbau meines Dachgeschosses ist ein großes vierfach Velux-Fenster eingebaut worden.</p>
<p>Nach dem das Dach isoliert wurde und der Innen-Ausbau fertig war fehlte noch die Einfassung des Fensters. Mein Planung war diese nicht aus Trockenbauplatten sondern aus Holz herzustellen.<br />
Der Aufbau der Einfassung stellte sich dann als ein kniffeliges Projekt heraus. Da ich in einem 1937 gebauten Haus wohne sind natürlch auch die Dachbalken nicht eben und rechtwinklig. Das zweite Problem ergab sich daraus das die obere Fensterkannte einige cm höher als das Deckenniveau lag. Im Normalfall baut man die obere Einfassung waagrecht, damit möglichst viel Licht in den Raum kommt. Bei mir wäre ich dann über der Decke ausgekommen.<br />
Meine Lösung war dann das obere Brett abzuknicken. Erst senkrecht zum Fenster und sobald es ging paralell zur Decke.</p>
<p>Die Positionen an denen waagrechte und senkrechte Bretter verbunden wurden sind mit der Oberfräse freigefräst, damit beim Zusammenbau keine Spalten entstehen.</p>
<p>&nbsp;</p>
<p><img loading="lazy" decoding="async" class="alignnone wp-image-115 size-full" src="https://hollbruegge.de/wpr/wp-content/uploads/2015/09/VeluxEinfassungObenII.jpg" alt="VeluxEinfassungObenII" width="1200" height="272" srcset="https://hollbruegge.de/wpr/wp-content/uploads/2015/09/VeluxEinfassungObenII.jpg 1200w, https://hollbruegge.de/wpr/wp-content/uploads/2015/09/VeluxEinfassungObenII-300x68.jpg 300w, https://hollbruegge.de/wpr/wp-content/uploads/2015/09/VeluxEinfassungObenII-1024x232.jpg 1024w" sizes="auto, (max-width: 1200px) 100vw, 1200px" /></p>
<p>Eine weitere Herrausforderung war die Verkleidung des mittleren Balkens. Ich habe die Bretter auf Gehrung geschnitten, damit sich ein schönes Furnierbild ergibt. Dieses U war natürlich zum Fenster hin nicht parallel so das es genau angepasst werden musste.</p>
<p><img loading="lazy" decoding="async" class="alignnone wp-image-116 size-full" src="https://hollbruegge.de/wpr/wp-content/uploads/2015/09/VeluxEinfassungFertigDetail.jpg" alt="VeluxEinfassungFertigDetail" width="1200" height="1200" srcset="https://hollbruegge.de/wpr/wp-content/uploads/2015/09/VeluxEinfassungFertigDetail.jpg 1200w, https://hollbruegge.de/wpr/wp-content/uploads/2015/09/VeluxEinfassungFertigDetail-150x150.jpg 150w, https://hollbruegge.de/wpr/wp-content/uploads/2015/09/VeluxEinfassungFertigDetail-300x300.jpg 300w, https://hollbruegge.de/wpr/wp-content/uploads/2015/09/VeluxEinfassungFertigDetail-1024x1024.jpg 1024w" sizes="auto, (max-width: 1200px) 100vw, 1200px" /></p>
<p>Hier nocheimal die ganze Einfassung mit den Abschlussleisten zur tapezierten Schräge:</p>
<p><img loading="lazy" decoding="async" class="alignnone wp-image-117 size-full" src="https://hollbruegge.de/wpr/wp-content/uploads/2015/09/VeluxEinfassungFertig.jpg" alt="VeluxEinfassungFertig" width="1200" height="797" srcset="https://hollbruegge.de/wpr/wp-content/uploads/2015/09/VeluxEinfassungFertig.jpg 1200w, https://hollbruegge.de/wpr/wp-content/uploads/2015/09/VeluxEinfassungFertig-300x199.jpg 300w, https://hollbruegge.de/wpr/wp-content/uploads/2015/09/VeluxEinfassungFertig-1024x680.jpg 1024w" sizes="auto, (max-width: 1200px) 100vw, 1200px" /></p>

<p>Beim Ausbau meines Dachgeschosses ist ein großes vierfach Velux-Fenster eingebaut worden. Nach dem das Dach isoliert wurde und der Innen-Ausbau fertig war fehlte noch die Einfassung des Fensters. Mein Planung war diese nicht aus Trockenbauplatten sondern aus Holz herzustellen. Der Aufbau der Einfassung stellte sich dann als ein kniffeliges Projekt heraus. Da ich in einem 1937 gebauten Haus wohne sind natürlch auch die Dachbalken nicht eben und rechtwinklig. Das zweite Problem ergab sich daraus das die obere Fensterkannte einige cm höher als das Deckenniveau lag. Im Normalfall baut man die obere Einfassung waagrecht, damit möglichst viel Licht in den Raum kommt. Bei mir wäre ich dann über der Decke ausgekommen. Meine Lösung war dann das obere Brett abzuknicken. Erst senkrecht zum Fenster und sobald es ging paralell zur Decke. Die Positionen an denen waagrechte und senkrechte Bretter verbunden wurden sind mit der Oberfräse freigefräst, damit beim Zusammenbau keine Spalten entstehen. &nbsp; Eine weitere Herrausforderung war die Verkleidung des mittleren Balkens. Ich habe die Bretter auf Gehrung geschnitten, damit sich ein schönes Furnierbild ergibt. Dieses U war natürlich zum Fenster hin nicht parallel so das es genau angepasst werden musste. Hier nocheimal die ganze Einfassung mit den Abschlussleisten zur tapezierten Schräge:</p>
